{"id":28,"date":"2023-05-13T14:41:11","date_gmt":"2023-05-13T12:41:11","guid":{"rendered":"https:\/\/lejardindemichel.fr\/?page_id=28"},"modified":"2023-05-13T14:41:12","modified_gmt":"2023-05-13T12:41:12","slug":"mes-intrants","status":"publish","type":"page","link":"https:\/\/lejardindemichel.fr\/?page_id=28","title":{"rendered":"Mes intrants"},"content":{"rendered":"\n<p>Lorsque je me suis install\u00e9 sur la parcelle, je me suis rapidement rendu compte que la terre \u00e9tait difficile \u00e0 travailler. La 1\u00e8re ann\u00e9e, les rendements \u00e9taient faibles au regard de mon investissement. A noter que je n&#8217;utilise pas de motoculteurs et autres \u00e9quipements motoris\u00e9s, afin de pr\u00e9server la biodiversit\u00e9 du sol, et particuli\u00e8rement les vers de terre tr\u00e8s utiles au sol.<\/p>\n\n\n\n<p>J&#8217;utilise donc essentiellement la fourche b\u00eache, le croc \u00e0 fumier et le r\u00e2teau.<\/p>\n\n\n\n<p>En parcourant de nombreux tutos, j&#8217;ai rapidement rep\u00e9r\u00e9 les intrants qui pouvaient enrichir et all\u00e9ger mon sol, de mani\u00e8re \u00e0 le rendre plus facile \u00e0 travailler.<\/p>\n\n\n\n<p>Voici donc les intrants que j&#8217;apporte r\u00e9guli\u00e8rement sur mon terrain :<\/p>\n\n\n\n<ul>\n<li>Les tontes de pelouse<\/li>\n\n\n\n<li>Le fientes de mes 2 poules<\/li>\n\n\n\n<li>Le fumier de cheval mis \u00e0 disposition par la fermer \u00e9questre voisine<\/li>\n\n\n\n<li>Le compost mis \u00e0 disposition par la mairie<\/li>\n\n\n\n<li>Les cendres de ma chemin\u00e9e<\/li>\n\n\n\n<li>Les coquilles d&#8217;oeufs<\/li>\n\n\n\n<li>Le marc de caf\u00e9<\/li>\n\n\n\n<li>Les pelures de bananes<\/li>\n\n\n\n<li>Les orties<\/li>\n\n\n\n<li>Le purin d&#8217;orties<\/li>\n\n\n\n<li>Les purin de rhubarbe<\/li>\n<\/ul>\n\n\n\n<p>On pourrait y rajouter l&#8217;urine, cependant j&#8217;exclue cette possibilit\u00e9 \u00e9tant donn\u00e9 ma prise de m\u00e9dicaments.<\/p>\n\n\n\n<p>Je vais donc commenter chacun de ces intrants, afin de voir leurs avantages, et expliquer comment je proc\u00e8de.<\/p>\n","protected":false},"excerpt":{"rendered":"<p>Lorsque je me suis install\u00e9 sur la parcelle, je me suis rapidement rendu compte que la terre \u00e9tait difficile \u00e0 travailler. La 1\u00e8re ann\u00e9e, les rendements \u00e9taient faibles au regard de mon investissement. A noter que je n&#8217;utilise pas de motoculteurs et autres \u00e9quipements motoris\u00e9s, afin de pr\u00e9server la biodiversit\u00e9 du sol, et particuli\u00e8rement les&#8230;<\/p>\n","protected":false},"author":1,"featured_media":0,"parent":0,"menu_order":0,"comment_status":"closed","ping_status":"closed","template":"","meta":{"_kad_post_transparent":"","_kad_post_title":"","_kad_post_layout":"left","_kad_post_sidebar_id":"","_kad_post_content_style":"","_kad_post_vertical_padding":"","_kad_post_feature":"","_kad_post_feature_position":"","_kad_post_header":false,"_kad_post_footer":false},"_links":{"self":[{"href":"https:\/\/lejardindemichel.fr\/index.php?rest_route=\/wp\/v2\/pages\/28"}],"collection":[{"href":"https:\/\/lejardindemichel.fr\/index.php?rest_route=\/wp\/v2\/pages"}],"about":[{"href":"https:\/\/lejardindemichel.fr\/index.php?rest_route=\/wp\/v2\/types\/page"}],"author":[{"embeddable":true,"href":"https:\/\/lejardindemichel.fr\/index.php?rest_route=\/wp\/v2\/users\/1"}],"replies":[{"embeddable":true,"href":"https:\/\/lejardindemichel.fr\/index.php?rest_route=%2Fwp%2Fv2%2Fcomments&post=28"}],"version-history":[{"count":1,"href":"https:\/\/lejardindemichel.fr\/index.php?rest_route=\/wp\/v2\/pages\/28\/revisions"}],"predecessor-version":[{"id":29,"href":"https:\/\/lejardindemichel.fr\/index.php?rest_route=\/wp\/v2\/pages\/28\/revisions\/29"}],"wp:attachment":[{"href":"https:\/\/lejardindemichel.fr\/index.php?rest_route=%2Fwp%2Fv2%2Fmedia&parent=28"}],"curies":[{"name":"wp","href":"https:\/\/api.w.org\/{rel}","templated":true}]}}